 20, -10 = -5*y + 2*f. Let m(c) = c**2 + c + 4. What is m(y)?
4
Suppose x = -4 - 2. Let z(r) = -r + 1. Suppose -5*j - 5 = 5*h + 20, 0 = -3*j + 4*h - 1. Let d(i) = -2*i + 11. Let o(v) = j*z(v) + d(v). What is o(x)?
2
Let d(b) = -b**3 + 6*b**2 - 7*b + 4. Suppose 0 = -g + 3 + 2. Let x(n) = -4 - g*n**2 - n**3 - 2 - 2*n + 1. Let i be x(-5). What is d(i)?
-6
Let t(o) be the first derivative of -3*o + 0*o**2 + 1 + 1/3*o**3. Determine t(0).
-3
Let q(s) be the third derivative of -s**6/120 + s**5/10 + s**4/24 - 7*s**2. Determine q(6).
6
Let b(x) = x - 3. Let s be b(7). Let y(t) = -4 - t**2 + s*t + 8 + 0*t**2. Let o = -10 - -15. What is y(o)?
-1
Suppose 12 = -6*c + 5*c. Let s be (8/c)/(2/12). Let f(p) = -3*p - 6. Calculate f(s).
6
Let i = 19 - 6. Let u = i - 12. Let b(s) = 7*s**2 - s. Calculate b(u).
6
Let l(t) = -t**3 + 6*t**2 - 6. Let z = 0 + 6. What is l(z)?
-6
Let n(b) be the third derivative of -b**4/12 + 13*b**3/6 + 17*b**2. Give n(9).
-5
Let y(s) = 3*s - 4. Let w(b) = -4*b + 4. Let j(t) = -2*w(t) - 3*y(t). Let d be j(8). Let m(h) = -h**3 - 5*h**2 - 2*h + 1. Give m(d).
-7
Let j(q) = -3*q**2 - 6*q - 5. Let x(c) = 1 - c**2 + 11*c**2 + 18*c + 15. Let g(y) = -7*j(y) - 2*x(y). Calculate g(-2).
-5
Let a(k) = -k. Suppose d = -d. Suppose d = 5*h + 4*m - 2, -2 = h + 3*m - m. Determine a(h).
-2
Let x = 74 - 82. Let j(g) = g**3 + 7*g**2 - 8*g + 1. Give j(x).
1
Let v(u) = -1 + 5 + u + u**3 + u**2 + 5. Calculate v(0).
9
Let c(y) = y - 3. Suppose 2*w + 3*k = 0, 2*k + 8 = -2*w - 3*k. What is c(w)?
3
Let r(m) = m + 12. Let v be r(-12). Let g(i) be the third derivative of -i**5/60 - 3*i**3/2 - 2*i**2. Determine g(v).
-9
Let q be 0/2 + -3 - -4. Let c(o) = o**2 - o + 1. Let l be c(q). Let y(p) = 8*p. Calculate y(l).
8
Let k(u) = u - 9. Let s(y) = -y + 8. Let t(c) = 4*k(c) + 5*s(c). Suppose -3*i + 2*i - 5*a = -29, 5*a - 56 = -4*i. Let r = i + -4. What is t(r)?
-1
Let y(b) = -17*b**3 - b**2 - 922*b - 1 + 0*b**2 + 921*b. Calculate y(-1).
16
Let c be (1/(-4))/(4/(-48)). Suppose -r - z = 0, c*r + z = r - 3. Let w(f) = f**2 + 2*f - 2. Determine w(r).
1
Let r(j) = -j**3 - 4*j**2 + j + 2. Let f be r(-4). Let o(d) be the second derivative of -d**4/4 - d**3/6 + d**2/2 + 30*d - 1. What is o(f)?
-9
Suppose -6*l + 15 = -l. Let p(b) be the first derivative of b**5/120 - b**4/12 + b**3/3 + 3. Let f(k) be the third derivative of p(k). Determine f(l).
1
Let f(z) = 2*z**2 - 3*z - 4. Let w(p) = 7*p + 4. Let j(g) = -g**2 + 7*g + 5. Let t(n) = -4*j(n) + 3*w(n). Let b(y) = 13*f(y) - 6*t(y). Determine b(-3).
5
Let r(j) = -2 - 2 + 5 + 8*j - j**2 - 3*j. Determine r(6).
-5
Let b = -6 + 6. Suppose 4*n - 14 - 2 = b. Let s(l) = -n - l**2 - 4*l + 4*l**2 + l**3 + 2*l - 4*l**2. Give s(3).
8
Let a(s) = -s**2 + 2*s + 4. Let w(i) = -i**3 - 7*i**2 - 7*i - 3. Let v be w(-6). What is a(v)?
1
Let n = 32 + -31. Let f(y) = -5*y**2 - y. Give f(n).
-6
Suppose 3*r - 15 = 3*m - 2*m, 6 = -2*m - 2*r. Let v be m/2*(-4)/3. Let y(x) = x**2 - 5*x - 2. What is y(v)?
-6
Let r(c) = -3 - 1 + 1 - 2*c**3 + 4 - 2*c + c**2. Give r(2).
-15
Let r(x) = 7*x**3 - 2*x**2 + x. Let u = -1 - -3. Suppose -p + 3*f = 2*f + 2, 5*p = f - u. Suppose -2*c = -5*y - 12, -4*c + p*c = 3*y + 2. Determine r(c).
6
Let g be (-1)/(-2) - (-21)/14. Let z(d) = -2*d + 2. Give z(g).
-2
Let j(a) = a - 5. Let i be 9/12 + 23/(-4). Let k = i + 2. Let p = 3 + k. What is j(p)?
-5
Let m(r) = -10*r - 1. Suppose 102*w + 2 = 104*w. What is m(w)?
-11
Let d(i) = i**2 - i - 1. Let c be d(-2). Let l(p) = 2*p**2 - 5*p - 9. Let z(g) = 3*g**2 - 7*g - 14. Let t(r) = c*z(r) - 8*l(r). Calculate t(4).
6
Suppose a = -a + 80. Let k be (6/(-5))/(12/a). Let v be (k/(-3))/(12/(-18)). Let u(x) = 2*x**2 + x - 2. Calculate u(v).
4
Let k(p) = p**3 + p. Let r(y) = 4*y**3 - 6*y**2 + 9*y - 7. Let o(j) = -3*k(j) + r(j). Calculate o(5).
-2
Let g = 3 - 9. Let j(w) be the third derivative of w**5/60 + 7*w**4/24 + w**3/6 - w**2 + 2*w. Calculate j(g).
-5
Let a(o) = -o**3 - o. Suppose 2*l = -0*l - 2. Determine a(l).
2
Let q(z) = -29*z**3 - 3*z**2 - 7*z + 5. Let s(p) = -14*p**3 - p**2 - 3*p + 2. Let r(k) = 3*q(k) - 7*s(k). What is r(1)?
10
Let i(d) = -d - 2 + 6*d**2 + 2*d**2 - 7*d**2. Determine i(0).
-2
Let f(c) be the second derivative of -c**3/6 - 3*c**2/2 + 12*c. Determine f(5).
-8
Let m(q) = -q + 5. Let n be m(10). Let w(a) = a**3 + 6*a**2 + 3*a + 1. Calculate w(n).
11
Let g = 0 - -2. Suppose -7 = j + b, 2*j - g*b + 2 = -0*j. Let z(s) be the first derivative of -s**4/4 - 4*s**3/3 + s**2/2 + 3*s + 17. Determine z(j).
-1
Let j(b) = -b**3 + 5*b**2 - 4*b + 6. Let a be j(4). Let r(d) = 2 + a*d**2 - 1 + d**2 - 2*d**2. Determine r(-1).
6
Let p(j) = -3*j + 2. Let z(g) = -7*g + 4. Let k(n) = -5*p(n) + 2*z(n). Suppose -t + 3*d - 10 = -0*t, 4*d - 20 = -2*t. Determine k(t).
0
Suppose 8*h + 30 = 3*h + 2*u, 0 = 5*h + 2*u + 50. Let f(q) = q + 3. What is f(h)?
-5
Let m(j) = 2*j**3 + 5*j**2 + 3*j + 30. Let a(o) = o**3 + 3*o**2 + 2*o + 15. Let q(f) = -5*a(f) + 3*m(f). Calculate q(0).
15
Let d(r) = -7 + 8*r + 4*r**2 + 3*r**2 + r**3 - 15*r**2. Let n be d(7). Let o(i) = -i**2 + 1. Determine o(n).
1
Let h(b) = -2*b**2 + 9*b + 8. Let z(w) = w**2 - 4*w - 4. Let a(s) = -4*h(s) - 7*z(s). Give a(6).
-16
Let z(q) = -2 - q**2 - q**2 + 2*q + 3*q**2. Give z(-3).
1
Let h = 7 - 15. Let c(b) = 2*b + 12. Calculate c(h).
-4
Suppose -3*k + t = -k + 21, -2*k - 2*t - 6 = 0. Let f be (-16)/(-6) + k/12. Let c(m) = m**f - 7*m + m - 2 - m + 2*m. Calculate c(3).
-8
Let z(l) = -l + 9. Let d be z(7). Let g be (-1 + 7)/(4 - d). Let n(a) = 0 + 4*a - a**2 + 4 - 2. Determine n(g).
5
Let x(j) = j - 6*j**2 + 3*j**2 + 7 - 4*j**2 + 2*j**2. Let z(n) = -n**2 + 1. Let h(v) = x(v) - 6*z(v). Calculate h(-2).
3
Let l(f) = 12*f + 15. Let r(n) = 3*n + 4. Let m(q) = 4*l(q) - 15*r(q). Suppose -3*t + u = 0, -t + 13 = -0*t + 4*u. Give m(t).
3
Let o(n) = 3*n + 1. Let s be 0*(1/2 + 0). Suppose -q + 3 + 0 = s. Calculate o(q).
10
Let k(x) = 6*x - 17. Let w(u) = 5*u - 15. Let r(v) = 4*k(v) - 5*w(v). Calculate r(3).
4
Let t(i) = 7*i**3 + i**2 - 1. Let s be 24/(1 - 15/9). Let u be (-2)/(-6) - s/(-27). Determine t(u).
-7
Let s(a) = -a**2 - 2*a + 2. Suppose -4*n + 0 = 8. Give s(n).
2
Let n(k) be the third derivative of -k**6/120 - k**5/60 + k**3/6 + k**2. Suppose -4*r - 3*x - x - 4 = 0, -5*r + x = 11. Let y be r*(5/2)/5. Determine n(y).
1
Let r(s) = -1. Let i(v) = v - 3. Let m(w) = 4*i(w) - 14*r(w). What is m(6)?
26
Suppose 0 = 3*k + k - 12. Let x be ((-3)/(-4))/(k/12). Let a(r) = -4 - 2*r + x*r + 0*r. Determine a(3).
-1
Let q(d) = -84*d + 2 + 85*d - 4. Give q(-3).
-5
Let w(d) = -d**2 + 2*d + 1. Let f be (0 - -2) + (-12)/4. Determine w(f).
-2
Let n(i) be the third derivative of -i**4/6 - i**3/6 - 2*i**2. What is n(3)?
-13
Let x(w) = 5 - 3*w - 1 - 7. Give x(-2).
3
Let n(q) be the first derivative of q**4 + q**2/2 + q - 8. Suppose a + 2 = -8. Let p be (-7)/5 - 4/a. Calculate n(p).
-4
Let q(k) be the second derivative of k**4/12 + k**3 + 2*k**2 - 5*k. Determine q(-5).
-1
Let i(m) be the third derivative of -m**6/120 + m**5/10 - m**4/4 + m**3/3 - 30*m**2. What is i(5)?
-3
Let j(f) = 7 + f - 2*f + 3 - 4. Give j(6).
0
Let f(i) be the first derivative of i**2/2 - i - 3. Suppose -2*m + 5*a - 5 - 1 = 0, 5*m + 2*a = 14. Suppose m = -d - d. Give f(d).
-2
Let h(o) = -7*o**2 - 7*o - 1. Let g(c) be the third derivative of 13*c**5/60 + 13*c**4/24 + c**3/3 + 4*c**2. Let d(u) = -6*g(u) - 11*h(u). Determine d(-2).
-3
Let d(u) = 7 - 4*u**2 - u**3 - 1 + 0 - 2. What is d(-4)?
4
Suppose n + 0*g = 2*g + 3, 5*g = -4*n + 12. Let l(s) = -s**2 + 5*s - 3. Give l(n).
3
Let m be 26/(-6) + 3/9. Let k be (4/(-6))/((-6)/(-27)). Let l be 1/(-4) - k/m. Let v(a) = -a**2 - a. What is v(l)?
0
Suppose q - 2 = 3*q. Let x be ((-4)/10)/((-2)/10). Let n(i) = -i**2 + x*i**2 - 3*i**2. Calculate n(q).
-2
Let d(c) = -c**2 + 1. Let l = 5 - 7. What is d(l)?
-3
Let n(f) = 3*f**2 - 2*f**2 - 5*f - f - 21 + 15. Calculate n(5).
-11
Let z = -2 + 4. Suppose 5*u = -4*x - z, -2*x - 2*x = -5*u - 18. Let i(p) = -2*p**2 - 4*p - 2. Determine i(u).
-2
Let s(y) = -y + 2. Let w(m) = 10*m**2 + m - 2. Let q be w(1). Determine s(q).
-7
Let r(q) = q**2 - 6*q - 4. Let s(d) = 2*d - 10. Let k be s(7). Suppose -y = -k*l - 9, -2*y - 2*l + 18 = -0*l. Suppose 9 = 3*i - y. Give r(i).
-4
Let x = -13 - -14. Let q(r) be the second deriv